{"id":525,"date":"2015-05-04T16:01:07","date_gmt":"2015-05-04T16:01:07","guid":{"rendered":"http:\/\/demowp.cththemes.net\/gatherv2\/?page_id=525"},"modified":"2021-09-16T16:05:34","modified_gmt":"2021-09-16T16:05:34","slug":"home-slider","status":"publish","type":"page","link":"https:\/\/zirve2020.dijitaltopuklar.com\/","title":{"rendered":"Anasayfa"},"content":{"rendered":"<p>[vc_row full_height=&#8221;yes&#8221; el_id=&#8221;top&#8221; css=&#8221;.vc_custom_1600632610083{background-image: url(https:\/\/zirve2020.dijitaltopuklar.com\/wp-content\/uploads\/2020\/09\/dt-banner-1.jpg?id=3532) !important;background-position: center !important;background-repeat: no-repeat !important;background-size: cover !important;}&#8221;][vc_column][\/vc_column][\/vc_row][vc_row cth_layout=&#8221;gather_sec&#8221; css=&#8221;.vc_custom_1438967681859{padding-top: 30px !important;padding-bottom: 30px !important;background-color: #f1f1f1 !important;}&#8221;][vc_column][vc_column_text]<\/p>\n<p class=\"lead text-center\">Dijital Topuklar 2020 bu sene <strong>#g\u00fcc\u00fcn\u00fcg\u00f6r<\/strong> temas\u0131 ile yine 1 Kas\u0131m\u2019da, bu kez online olarak ger\u00e7ekle\u015fti.<\/p>\n<p class=\"lead text-center\">\u0130\u00e7eri\u011fe, e\u015fitli\u011fe, \u00fcretime, \u00e7ocu\u011fa, feminizme ve gelece\u011fe dair konu\u015fulmas\u0131 gereken konularda ve farkl\u0131 ba\u011flamlarda, yeni s\u00f6zler s\u00f6ylemeye alan a\u00e7an Dijital Topuklar, pandemi ile birlikte de\u011fi\u015fen hayatlar\u0131m\u0131zda dijitalin g\u00fcc\u00fcm\u00fcze katt\u0131\u011f\u0131 g\u00fc\u00e7le birlikte bu y\u0131l daha da fazla #dijitaltopuklar\u2019a ula\u015ft\u0131.<\/p>\n<p class=\"lead text-center\"><strong>#dijitaltopuklarevde<\/strong> etiketiyle 1 Kas\u0131m&#8217;da ilk kez online olarak ger\u00e7ekle\u015ferek evlere konuk olan Dijital Topuklar, dijitalde olman\u0131n verdi\u011fi g\u00fc\u00e7le, t\u00fcm d\u00fcnyadan konu\u015fmac\u0131 ve kat\u0131l\u0131mc\u0131lar\u0131, farkl\u0131 konularda, beklenmedik \u015fartlarda, orada duran ve hep olan, g\u00f6r\u00fclmeyi bekleyen i\u00e7lerindeki g\u00fcc\u00fc g\u00f6rmeye davet ediyor!<\/p>\n<p>1 Kas\u0131m&#8217;\u0131 ka\u00e7\u0131rd\u0131ysan\u0131z, a\u015fa\u011f\u0131daki bileti sat\u0131n alarak etkinlik kay\u0131tlar\u0131na ula\u015fabilirsiniz.[\/vc_column_text][\/vc_column][\/vc_row][vc_row cth_layout=&#8221;gather_sec&#8221; el_id=&#8221;speakers&#8221;][vc_column][vc_column_text]<\/p>\n<div class=\"section-title wow fadeInUp\">\n<h4>Konu\u015fmac\u0131lar<\/h4>\n<\/div>\n<p>[\/vc_column_text][cth_speakers_cpt count=&#8221;40&#8243; order_by=&#8221;title&#8221; order=&#8221;ASC&#8221;][\/vc_column][\/vc_row][vc_row cth_layout=&#8221;gather_sec&#8221; el_id=&#8221;schedule&#8221; css=&#8221;.vc_custom_1600380274658{padding-bottom: 30px !important;}&#8221;][vc_column][vc_column_text]<\/p>\n<div class=\"section-title wow fadeInUp\">\n<h4>Program<\/h4>\n<\/div>\n<p>[\/vc_column_text][cth_schedules][\/vc_column][\/vc_row][vc_row gap=&#8221;35&#8243; cth_layout=&#8221;gather_sec&#8221;][vc_column css=&#8221;.vc_custom_1603543938807{margin-top: 15px !important;margin-bottom: 15px !important;}&#8221;][vc_column_text]<\/p>\n<p style=\"text-align: center;\">Dijital Topuklar 2020&#8217;de sat\u0131lan bilet gelirlerinin %10&#8217;u Kad\u0131n Cinayetlerini Durduraca\u011f\u0131z Platformu ve AL\u0130KEV&#8217;e ba\u011f\u0131\u015flanacakt\u0131r.<br \/>\n<img loading=\"lazy\" class=\"alignnone size-thumbnail wp-image-3690 \" style=\"display: inline-block;\" src=\"https:\/\/zirve2020.dijitaltopuklar.com\/wp-content\/uploads\/2020\/10\/Um7mitMd_400x400-150x150.jpg\" alt=\"\" width=\"100\" height=\"100\" srcset=\"https:\/\/zirve2020.dijitaltopuklar.com\/wp-content\/uploads\/2020\/10\/Um7mitMd_400x400-150x150.jpg 150w, https:\/\/zirve2020.dijitaltopuklar.com\/wp-content\/uploads\/2020\/10\/Um7mitMd_400x400-300x300.jpg 300w, https:\/\/zirve2020.dijitaltopuklar.com\/wp-content\/uploads\/2020\/10\/Um7mitMd_400x400-100x100.jpg 100w, https:\/\/zirve2020.dijitaltopuklar.com\/wp-content\/uploads\/2020\/10\/Um7mitMd_400x400.jpg 400w\" sizes=\"(max-width: 100px) 100vw, 100px\" \/><img loading=\"lazy\" class=\"alignnone size-thumbnail wp-image-3691\" style=\"display: inline-block;\" src=\"https:\/\/zirve2020.dijitaltopuklar.com\/wp-content\/uploads\/2020\/10\/alikev_logo-350x350-1-150x150.png\" alt=\"\" width=\"100\" height=\"100\" srcset=\"https:\/\/zirve2020.dijitaltopuklar.com\/wp-content\/uploads\/2020\/10\/alikev_logo-350x350-1-150x150.png 150w, https:\/\/zirve2020.dijitaltopuklar.com\/wp-content\/uploads\/2020\/10\/alikev_logo-350x350-1-300x300.png 300w, https:\/\/zirve2020.dijitaltopuklar.com\/wp-content\/uploads\/2020\/10\/alikev_logo-350x350-1-100x100.png 100w, https:\/\/zirve2020.dijitaltopuklar.com\/wp-content\/uploads\/2020\/10\/alikev_logo-350x350-1.png 350w\" sizes=\"(max-width: 100px) 100vw, 100px\" \/>[\/vc_column_text][\/vc_column][\/vc_row][vc_row cth_layout=&#8221;gather_sec&#8221; el_id=&#8221;pricing&#8221;][vc_column][vc_column_text]<\/p>\n<h3 style=\"text-align: center;\">SPONSORLAR<\/h3>\n<p>[\/vc_column_text][cth_sponsors slidestoshow=&#8221;6&#8243; dots=&#8221;true&#8221; autoplay=&#8221;true&#8221; responsive=&#8221;768:4|480:2&#8243; sponsorsimgs=&#8221;3859,3863,3875,3858&#8243;][\/cth_sponsors][vc_column_text]<\/p>\n<h3 style=\"text-align: center;\">DESTEK\u00c7\u0130LER<\/h3>\n<p>[\/vc_column_text][cth_sponsors slidestoshow=&#8221;6&#8243; dots=&#8221;true&#8221; autoplay=&#8221;true&#8221; responsive=&#8221;768:4|480:2&#8243; sponsorsimgs=&#8221;3864,3650,3896&#8243;][\/cth_sponsors][\/vc_column][\/vc_row][vc_row cth_layout=&#8221;gather_sec&#8221;][vc_column][vc_column_text]<\/p>\n<h3 style=\"text-align: center;\">SANAL STAND<\/h3>\n<p style=\"text-align: center;\">Dijital Topuklar&#8217;a \u00f6zel f\u0131rsatlar i\u00e7in logolara t\u0131kla<\/p>\n<p>[\/vc_column_text][cth_sponsors slidestoshow=&#8221;6&#8243; dots=&#8221;true&#8221; autoplay=&#8221;true&#8221; responsive=&#8221;768:4|480:2&#8243; sponsorsimgs=&#8221;3768,3767,3769,3766,3796,3972&#8243;]www.do-um.com\/<br \/>\ne2toys.com.tr\/<br \/>\nheryerdeoyun.com\/<\/p>\n<p>makarnalutfen.com<br \/>\ninstagram.com\/mahalledeatolye\/<br \/>\nhttps:\/\/www.inlovebabyandkids.com\/[\/cth_sponsors][\/vc_column][\/vc_row][vc_row cth_layout=&#8221;gather_sec&#8221; css=&#8221;.vc_custom_1600380046774{background-color: #2a0a5e !important;}&#8221;][vc_column][vc_column_text]<\/p>\n<div class=\"section-title wow fadeInUp\">\n<h4 style=\"color: #fff;\">Kat\u0131l\u0131mc\u0131lar\u0131n s\u00f6zleriyle Dijital Topuklar<\/h4>\n<\/div>\n<p>[\/vc_column_text][\/vc_column][vc_column width=&#8221;1\/2&#8243; animation=&#8221;yes&#8221; effect=&#8221;fadeInLeft&#8221; offset=&#8221;vc_col-md-offset-1 vc_col-md-5&#8243;][cth_featurebox icon=&#8221;&#8221; title=&#8221;&#8221;]<\/p>\n<p style=\"margin-top: 20px; color: #fff;\">Bug\u00fcne kadar pek \u00e7ok konferansa kat\u0131ld\u0131m; b\u00f6yle bir sinerjiye hi\u00e7bir yerde rastlamad\u0131m.<\/p>\n<p><em style=\"color: #fff;\">FATMA<\/em>[\/cth_featurebox][\/vc_column][vc_column width=&#8221;1\/2&#8243; animation=&#8221;yes&#8221; effect=&#8221;fadeInRight&#8221; offset=&#8221;vc_col-md-5&#8243;][cth_featurebox icon=&#8221;&#8221; title=&#8221;&#8221;]<\/p>\n<p style=\"margin-top: 20px; color: #fff;\">S\u00f6ylenmeyeni s\u00f6yleyen, konu\u015fulmayan\u0131 konu\u015fan cesur kad\u0131nlar<\/p>\n<p><em style=\"color: #fff;\">ESRA<\/em>[\/cth_featurebox][\/vc_column][vc_column width=&#8221;1\/2&#8243; animation=&#8221;yes&#8221; effect=&#8221;fadeInLeft&#8221; offset=&#8221;vc_col-md-offset-1 vc_col-md-5&#8243;][cth_featurebox icon=&#8221;&#8221; title=&#8221;&#8221;]<\/p>\n<p style=\"color: #fff;\">Kad\u0131nlara kendi seslerine g\u00fcvenme cesareti veren bir grup terapi.<\/p>\n<p><em style=\"color: #fff;\">BENAY<\/em>[\/cth_featurebox][cth_featurebox icon=&#8221;&#8221; title=&#8221;&#8221;]<\/p>\n<p style=\"color: #fff;\">Sadece kad\u0131nlar\u0131n de\u011fil, erkeklerin de kendilerini iyi hissedecekleri bir ortam.<\/p>\n<p><em style=\"color: #fff;\">BERK<\/em>[\/cth_featurebox][\/vc_column][vc_column width=&#8221;1\/2&#8243; animation=&#8221;yes&#8221; effect=&#8221;fadeInRight&#8221; offset=&#8221;vc_col-md-5&#8243;][cth_featurebox icon=&#8221;&#8221; title=&#8221;&#8221;]<\/p>\n<p style=\"color: #fff;\">Kendi sesimi Dijital Topuklar sayesinde \u00f6zg\u00fcrce duyurabilmek iyi geliyor<\/p>\n<p><em style=\"color: #fff;\">S\u0130BEL<\/em>[\/cth_featurebox][cth_featurebox icon=&#8221;&#8221; title=&#8221;&#8221;]<\/p>\n<p style=\"color: #fff;\">Birlikte olman\u0131n ve dayan\u0131\u015fman\u0131n v\u00fccut bulmu\u015f hali<\/p>\n<p><em style=\"color: #fff;\">PEL\u0130N <\/em>[\/cth_featurebox][\/vc_column][\/vc_row][vc_row cth_layout=&#8221;gather_sec&#8221; el_id=&#8221;gallery&#8221;][vc_column][vc_column_text]<\/p>\n<div class=\"section-title\">\n<h4>GALER\u0130<\/h4>\n<p>Ge\u00e7mi\u015f Dijital Topuklar&#8217;dan kareler&#8230;<\/p><\/div>\n<p>[\/vc_column_text][gather_images_gallery galleryimgs=&#8221;4097,4098,4099,4100,4101,4102,4103,4104,4105,4106,4107,4108,4109,4110,4111,4112,4113,4114,4116,4118,4119,4120,4121,4122,4123,4124,4125,4126,4127,4128,4129,4130,4131,4132,4133,4134,4135&#8243; loaded=&#8221;50&#8243; show_loadmore=&#8221;no&#8221; filter_list=&#8221;Foto\u011fraflar|Videolar&#8221; el_class=&#8221;wow fadeIn&#8221; css=&#8221;.vc_custom_1631808365304{margin-bottom: 50px !important;}&#8221;][\/vc_column][\/vc_row]<\/p>\n","protected":false},"excerpt":{"rendered":"<p>[vc_row full_height=&#8221;yes&#8221; el_id=&#8221;top&#8221; css=&#8221;.vc_custom_1600632610083{background-image: url(https:\/\/zirve2020.dijitaltopuklar.com\/wp-content\/uploads\/2020\/09\/dt-banner-1.jpg?id=3532) !important;background-position: center !important;background-repeat: no-repeat !important;background-size: cover !important;}&#8221;][vc_column][\/vc_column][\/vc_row][vc_row cth_layout=&#8221;gather_sec&#8221; css=&#8221;.vc_custom_1438967681859{padding-top: 30px !important;padding-bottom: 30px !important;background-color: #f1f1f1 !important;}&#8221;][vc_column][vc_column_text] Dijital Topuklar 2020 bu sene #g\u00fcc\u00fcn\u00fcg\u00f6r temas\u0131 ile yine 1 Kas\u0131m\u2019da, bu kez online olarak ger\u00e7ekle\u015fti. \u0130\u00e7eri\u011fe, e\u015fitli\u011fe, \u00fcretime, \u00e7ocu\u011fa, feminizme ve gelece\u011fe dair konu\u015fulmas\u0131 gereken konularda ve farkl\u0131 ba\u011flamlarda, yeni s\u00f6zler s\u00f6ylemeye alan a\u00e7an&#8230;<\/p>\n","protected":false},"author":1,"featured_media":0,"parent":0,"menu_order":0,"comment_status":"open","ping_status":"open","template":"homepage-onepage.php","meta":[],"_links":{"self":[{"href":"https:\/\/zirve2020.dijitaltopuklar.com\/index.php\/wp-json\/wp\/v2\/pages\/525"}],"collection":[{"href":"https:\/\/zirve2020.dijitaltopuklar.com\/index.php\/wp-json\/wp\/v2\/pages"}],"about":[{"href":"https:\/\/zirve2020.dijitaltopuklar.com\/index.php\/wp-json\/wp\/v2\/types\/page"}],"author":[{"embeddable":true,"href":"https:\/\/zirve2020.dijitaltopuklar.com\/index.php\/wp-json\/wp\/v2\/users\/1"}],"replies":[{"embeddable":true,"href":"https:\/\/zirve2020.dijitaltopuklar.com\/index.php\/wp-json\/wp\/v2\/comments?post=525"}],"version-history":[{"count":94,"href":"https:\/\/zirve2020.dijitaltopuklar.com\/index.php\/wp-json\/wp\/v2\/pages\/525\/revisions"}],"predecessor-version":[{"id":4136,"href":"https:\/\/zirve2020.dijitaltopuklar.com\/index.php\/wp-json\/wp\/v2\/pages\/525\/revisions\/4136"}],"wp:attachment":[{"href":"https:\/\/zirve2020.dijitaltopuklar.com\/index.php\/wp-json\/wp\/v2\/media?parent=525"}],"curies":[{"name":"wp","href":"https:\/\/api.w.org\/{rel}","templated":true}]}}